- w + 2. What is o(l)?
6
Suppose -h = -2*h + 6. Let v(n) = -n. Let i(x) = 7 + 8*x - 17 + 13. Let p(z) = h*v(z) + i(z). Give p(-3).
-3
Let i(o) = 0*o - 6*o + 7*o + 7. Suppose u - 3 + 8 = 0. Give i(u).
2
Suppose 4*p + 2*w = 0, -6*p + p + 1 = 2*w. Suppose p + 15 = 4*a. Let c(k) = -k**3 + 5*k**2 - 4*k + 4. What is c(a)?
4
Let i(f) = 2*f + 7. Let u(j) = j + 1. Let r(c) = i(c) - u(c). Give r(5).
11
Let k(j) = j - 1. Suppose 4*a = 11 + 5. Suppose -6 = -3*r + a*r. Give k(r).
-7
Let j(i) be the second derivative of -i**4/6 - i**3/2 - 3*i**2/2 + 7*i. What is j(-2)?
-5
Let f(d) be the first derivative of 7*d**2/2 + d - 3. Give f(-3).
-20
Suppose 2*l - 5*b = 52, 5*l - 121 - 9 = -5*b. Suppose 4*z = 2*h - l, 2 = -4*z - 18. Let w(k) = -128*k**3 + 4*k**2 + 254*k**3 - 127*k**3. What is w(h)?
9
Let s(q) = -2*q**2 + 4*q - 2. Let m = -51 + 54. What is s(m)?
-8
Let y(u) = u**3 - u**2 + 1. Let x = -6 - -10. Let n = x - 1. Suppose 2*h - h = -2*z + 1, n*h + 5 = 2*z. What is y(h)?
-1
Let c(p) be the second derivative of p**4/12 + p**3 + 2*p. Suppose 2*x + 3*o = -o + 60, -4*x + 120 = 2*o. Suppose 5*g + x - 5 = 0. What is c(g)?
-5
Let d(s) be the first derivative of -s**4/2 - s**3 - s**2/2 - 2. Suppose 0 = -f - 0*q + 2*q, 0 = -f + 3*q + 5. Let w be ((-8)/(-10))/(4/f). Give d(w).
6
Let h = 4 + -2. Let x be (10/(-4))/(1/h). Let g(y) = -y. Let v(c) = 7*c + 2. Let r(m) = -4*g(m) - v(m). Give r(x).
13
Suppose -3*n - n = 0. Let p(a) = a**2 - 2*a**2 + 1 + n. Let f be (-24)/18*(-3)/(-2). What is p(f)?
-3
Let k(c) be the first derivative of -c**2/2 + 6*c - 2. Suppose -7 = -2*b + 1. Determine k(b).
2
Suppose -4*i - 2*i = -12. Let o(d) = -d + 3*d + 1 + d. Calculate o(i).
7
Let n(p) = -2*p - 4 + 3 + 14*p**3 + 0*p. Let i = 139 - 140. Calculate n(i).
-13
Let x(i) = i**2 + 8*i + 4. Let o be (2/(-2) - 12) + 3. Let v = -17 - o. Calculate x(v).
-3
Suppose 3*v + 16 = 4*s, -5*v = s + 4*s + 15. Let k(m) = -m**2 + 3*m + 7. Let i(z) = z**2 - 4*z - 8. Let f(q) = 5*i(q) + 6*k(q). Determine f(v).
-6
Suppose -5*q + 16 = -q. Let m(u) = -u**3 + 5*u**2 - 4*u. Let w be m(q). Let b = w - -7. Let r(s) = -s**2 + 6*s + 8. What is r(b)?
1
Let v(u) = 3*u - 2. Let r(x) = x + 1. Let w(a) = -r(a) + v(a). Let o = 331 + -327. Calculate w(o).
5
Let d = 6 - 3. Let j(a) = 4*a**2 - a**3 + d + 3*a**3 - a**3 - a. Determine j(-4).
7
Let d(m) be the second derivative of 8*m - 5/2*m**2 + 1/6*m**3 + 0. Give d(6).
1
Let z = 10 - 6. Suppose -2*p + z*g + g = 0, -5*p = -g. Suppose -4*j - w = -1 - 7, p = w. Let h(r) = r**3 - 2*r**2 + 2*r + 2. Determine h(j).
6
Let r be 0 - (-2 + (-3 - 9)). Let m be (-105)/r - 1/2. Let t be ((-6)/(-8))/((-1)/m). Let j(x) = x**3 - 7*x**2 + 5*x + 8. What is j(t)?
2
Let i(t) = -21*t**3 - 7*t**2 + 22*t**3 - 8*t - 1 + 2*t. Determine i(8).
15
Let f be (-172)/(-2) - (-3 + -1). Let u be 14/49 - f/21. Let w(n) = -n**3 - 2*n**2 + 5*n + 6. What is w(u)?
18
Let b be (-7)/(14/(-4))*1. Let i(z) = -3*z + 4*z - b*z. Let v(n) = -n**2 - 12*n - 13. Let q be v(-11). Determine i(q).
2
Let r be ((-126)/27)/((-2)/3). Let n(b) = -b + 10. Give n(r).
3
Let k(a) = -2*a. Suppose 0 = -2*x - 3*b - 8, -4*x = -7*x - 3*b - 9. Calculate k(x).
2
Let r(p) = -1. Let v(i) = i - 1. Let o(l) = -6*r(l) + 2*v(l). Let w(z) = -z**3 - 5*z**2 + 5*z - 6. Let b be w(-6). Suppose b = 2*n + 4 + 4. Determine o(n).
-4
Let a be 2 + 0 - (11 + -9). Let v(p) = -7 + 4*p**2 - 3*p**2 - 7. Calculate v(a).
-14
Let g(i) be the first derivative of -2*i**2 - 4 + 0*i**2 - 8*i - 3*i**2 + 4*i**2. Determine g(-6).
4
Suppose -2*c = 2*c. Let z be (-8)/(-10)*(-5 + c). Let t(q) = -q**2 - 7*q - 2. Calculate t(z).
10
Suppose -35 = 2*v + 3*l - 8*l, 5*l = -5*v. Let b be (3/(-2))/((-2)/4). Let w(d) = 3*d - 4*d**2 + 0 + 2*d - 1 - d**b. What is w(v)?
-1
Let o(f) = -29*f**2 + 17. Let g(h) = 7*h**2 - 4. Let u(x) = 9*g(x) + 2*o(x). Give u(-2).
18
Let a(q) be the first derivative of q**3/3 + 5*q**2/2 - 7*q - 3. Let v be a(-6). Let g(i) be the first derivative of -2*i**3/3 + i - 1. Determine g(v).
-1
Let r(i) = 6*i**3 + 5*i**2 + 16*i - 65. Let q(k) = k**3 + k**2 + 3*k - 13. Let w(d) = 11*q(d) - 2*r(d). Give w(0).
-13
Let d(s) be the second derivative of s**7/1260 + s**6/720 + s**5/60 - s**4/12 + s. Let j(o) be the third derivative of d(o). What is j(-2)?
8
Let v(q) = q**3 + 5*q**2 + 6. Let j(o) = o**2 + o - 1. Let g be j(-4). Let p be 7 + 2 + -3 + -1. Suppose -g = p*t + 14. Determine v(t).
6
Let x(w) = -w + 4. Let s(y) = y**3 + 8*y**2 - y - 6. Let v be s(-8). Calculate x(v).
2
Let y(j) = 2*j**2 - j + 2. Let g = -3 - -1. Calculate y(g).
12
Suppose 4*z - 2*l = 4 - 2, -12 = -4*l. Let o(q) = 2*q**2 - q. Calculate o(z).
6
Let q be (-4 + 1 - 1) + -2. Let v(y) = -y - 1. Determine v(q).
5
Let k be ((-7)/(-9) - (-2)/9)*0. Let f(u) = u**2 + u + 6. Calculate f(k).
6
Let i(w) = w**3 + 3*w**2 - 2. Let k be i(-3). Let v(h) = 3*h**2 + 2*h + 1. What is v(k)?
9
Let c = -13 - -22. Suppose 0 = -3*v + 5*d + 5 + 10, -2*v + 3*d = -c. Suppose v = -t + 3*t - 4. Let j(r) = -2*r**3 + 3*r**2 + r - 2. What is j(t)?
-4
Let i(u) = -3*u - 6. Let v = -85 - -80. Give i(v).
9
Let z(m) = -m**3 - 5*m**2 + 3*m - 5. Suppose -3*i + 4 = 22. What is z(i)?
13
Let a(l) = l**3 - l**2 + l - 1. Suppose 2 = -4*v + 2*w, 0*v + 2*w = 3*v + 3. Let c(n) = 3*n**3 - 1. Let g(i) = v*c(i) - 2*a(i). Determine g(-2).
5
Let f(l) be the third derivative of -1/12*l**5 + l**2 + 0*l + 7/6*l**3 + 0 + 1/120*l**6 - 1/3*l**4. Let k be (-3)/(2*(-5)/20). Determine f(k).
-5
Let o(z) = 4*z - 2 + 5 - 5*z. Let a(s) = -s - 3. Let q be a(-6). What is o(q)?
0
Let f be (-4)/(-6) - 78/9. Let b = f + 11. Let v(p) = -p**3 + 3*p**2 - p + 2. What is v(b)?
-1
Let r(g) = g**2 - g - 2. Let h = 8 - 10. Determine r(h).
4
Suppose 0 = 4*q + 2*a - a - 10, -3*a + 12 = 3*q. Suppose 4 = -t + q*p - 0, -4*t - 4*p + 8 = 0. Let r(o) = -o**2 - o + 8. Determine r(t).
8
Let s(r) = -r**3 + r**2 - r + 6. Let x be s(0). Let h(q) = q + 3*q - q**2 - x*q. Let i = -4 + 1. What is h(i)?
-3
Let i(f) = 2 - 15*f + 6 + 11*f**2 + 0*f. Let z(w) = 5*w**2 - 7*w + 4. Suppose 9*y - 24 = 5*y. Let l(r) = y*i(r) - 13*z(r). Determine l(3).
8
Let s(d) = 11*d**2 + d - 1. Let p = 4 - 3. What is s(p)?
11
Let x(g) be the third derivative of 0*g + 1/120*g**6 + 1/2*g**3 + 0 + 1/6*g**4 - 1/10*g**5 - 3*g**2. What is x(5)?
-2
Let i = -10 + 3. Let d(k) = 2*k**2 - 7*k - 5*k**2 + 2*k**2. Let w be d(i). Let y(a) = a + 8. Calculate y(w).
8
Let z(q) = 2*q**2 - 8 - 5*q + 2 - 3*q**2. Let t(n) = -2*n**2 - 5 + 10*n + 4 - 5*n - 7*n. Let m be t(-2). What is z(m)?
-6
Let p(o) be the third derivative of -o**6/120 - o**3/6 - o**2. Determine p(-2).
7
Let o(s) be the second derivative of -s**3 + s**2/2 + 4*s. Determine o(2).
-11
Let z(g) = -4 + 0*g**2 - 3*g - g + g**2. Let u be z(4). Let m = u - -4. Let t(v) = -v - 2. What is t(m)?
-2
Let y(t) = -t**3 - 2*t**2 - 2*t. Let u be y(-2). Let k(b) = -3*b + b**3 - u*b - 7 + 0*b + 3 + 4*b**2. Determine k(-5).
6
Let a(f) = -7*f + 4. Let j(w) = 19*w - 11. Let k(v) = -11*a(v) - 4*j(v). Give k(-7).
-7
Let a(x) = 7*x**3 + 2*x - 1. Let b be a(2). Suppose -y - w + b = 3*y, -3*y + 5*w = -50. Let t(p) = p**2 - 15 + y. Give t(0).
0
Let m(g) be the second derivative of -g**5/60 - g**4/24 + 7*g**3/6 - g**2/2 + 2*g. Let k(w) be the first derivative of m(w). Determine k(0).
7
Let q(a) be the second derivative of a**3/6 + a**2/2 + 7*a. Let v be 38/(-8) - (-1)/(-4). What is q(v)?
-4
Let h(g) = 2*g + 1. Let z(m) = 5*m + 2. Let l be 4/14 - (-120)/21. Let y(c) = l*z(c) - 13*h(c). Give y(2).
7
Let s = -1 - -4. Let q be 0 + 2*s/2. Let c(i) = i - 4*i**2 - 1 + 4*i**q + 3 - 5*i**3. Determine c(-4).
-2
Let m(p) = 2*p - 2. Let k be m(2). Suppose -5*a = -3 - k. Let g(d) = a + 0*d - d + 1. Calculate g(2).
0
Let j be (-1)/3 - (-1 + (-12)/(-18)). Let c(f) be the third derivative of 2/3*f**3 - 2*f**2 + j*f + 1/4*f**4 + 0 + 1/60*f**5. Calculate c(-6).
4
Let g(i) = -6*i**3 + 1. Let f(c) = c + 1. Let q be f(-2). Calculate g(q).
7
Let h = 52 + -32. Suppose -2*y + 7*y - h = 0. Let o(r) = -r**2 + 5*r - 6. Determine o(y).
-2
Let n(b) be the second derivative of -1/3*b**3 - 1/3*b**4 + 1/2*b**2 + 0 - b - 1/10*b**5. Suppose -4*d - 28 = -z + 6*z, 0 = 3*z + 12. What is n(d)?
5
Let w = -1 - -3. Suppose -g - 2 = w*k - 11, 0 = 3*g - k - 6. Let f(r) = 3*r**2 + 0 + r**g - 2*r**3 - 3*r + 1. Calculate f(2).
-1
Let d be 18/(